e number?
True
Is 333535283 a prime number?
False
Is 305191153 prime?
False
Is 67104268417 a prime number?
True
Is 5590576589 prime?
False
Is 15661809821 a prime number?
False
Is 64122340813 composite?
False
Is 6496456457 a composite number?
False
Is 124096891 a prime number?
False
Is 210479357 a prime number?
False
Is 2883828613 composite?
True
Is 642557297 composite?
False
Is 1056651157 a composite number?
False
Is 3674450323 a prime number?
True
Is 1312891337 prime?
False
Is 3271407487 a prime number?
True
Is 1255763087 prime?
False
Is 3498038429 a prime number?
True
Is 20257129819 a prime number?
True
Is 9330089281 prime?
True
Is 2022917549 a composite number?
True
Is 290367834443 composite?
False
Is 13334704535 a composite number?
True
Is 5203812847 prime?
True
Is 6364520671 a prime number?
False
Is 190541051 composite?
True
Is 8289531113 prime?
False
Is 5281583983 a prime number?
False
Is 488295631 a composite number?
True
Is 1905380089 a composite number?
True
Is 103348518011 prime?
False
Is 4629582197 a composite number?
False
Is 765905117 a prime number?
False
Is 986741149 prime?
False
Is 43984882127 composite?
True
Is 189123403 composite?
True
Is 81617714161 composite?
False
Is 78541096853 composite?
False
Is 54550781 composite?
False
Is 17805751 a prime number?
False
Is 1603117673 prime?
False
Is 3268346819 a prime number?
False
Is 1512863227 prime?
True
Is 7454639 composite?
False
Is 12388276913 a composite number?
False
Is 173090173 a prime number?
True
Is 5097097331 a prime number?
True
Is 180378791 composite?
True
Is 6316299779 composite?
True
Is 195464377 prime?
False
Is 4518162119 composite?
False
Is 6040326559 a prime number?
False
Is 447805847 a prime number?
False
Is 6072693661 a composite number?
True
Is 2008281701 composite?
True
Is 14149096081 a prime number?
False
Is 16769386979 a composite number?
True
Is 23579639933 composite?
True
Is 8079348037 composite?
True
Is 11501596543 a composite number?
True
Is 12683271673 composite?
True
Is 61493342893 a prime number?
False
Is 11510644633 prime?
True
Is 219170849 prime?
True
Is 65207518309 prime?
True
Is 2265142877 a prime number?
False
Is 21696804817 a prime number?
True
Is 16868052923 composite?
False
Is 817005521 prime?
False
Is 2275428349 prime?
False
Is 21220623289 a composite number?
False
Is 425097208421 composite?
False
Is 4058526019 prime?
False
Is 42976393543 a prime number?
True
Is 3485510467 prime?
True
Is 40935087863 prime?
True
Is 16460953903 a composite number?
True
Is 592001821 prime?
True
Is 115989075131 prime?
True
Is 1478241263 prime?
True
Is 6718202167 prime?
True
Is 79145503583 composite?
False
Is 171797233 a prime number?
False
Is 20850937607 a composite number?
False
Is 1302608929 composite?
False
Is 318666169 a prime number?
True
Is 21294473167 a composite number?
True
Is 8448915493 a composite number?
True
Is 1461359971 a prime number?
True
Is 2940588587 composite?
False
Is 20496669889 composite?
False
Is 5382559211 a prime number?
True
Is 249678703 composite?
False
Is 49522079573 a prime number?
True
Is 824324647 composite?
False
Is 198161701 a composite number?
False
Is 25147976379 prime?
False
Is 34674494519 a prime number?
False
Is 23654036177 composite?
True
Is 150042391999 a prime number?
False
Is 1210056589 a composite number?
True
Is 4965899777 composite?
False
Is 611326229 a prime number?
True
Is 3279303947 a prime number?
True
Is 11733030483 composite?
True
Is 2201914003 composite?
False
Is 152308706443 a prime number?
True
Is 14042149939 a composite number?
True
Is 378796487 prime?
True
Is 24581171617 prime?
True
Is 12540673937 a prime number?
False
Is 19221741013 a prime number?
True
Is 239856581303 prime?
False
Is 532100087 prime?
True
Is 6943242203 prime?
False
Is 22405793533 a prime number?
True
Is 58908503011 a composite number?
True
Is 2359050569 composite?
False
Is 713594351 composite?
False
Is 3058418005 prime?
False
Is 793471251559 prime?
False
Is 1237196357 a prime number?
False
Is 5992734911 composite?
False
Is 14065261937 a prime number?
False
Is 1542731501 a prime number?
True
Is 1169134631 a composite number?
True
Is 7113851483 a prime number?
True
Is 1154587979 a prime number?
True
Is 302391109 prime?
False
Is 6727069631 composite?
False
Is 62658464473 a composite number?
True
Is 27010349899 prime?
False
Is 78741501151 a composite number?
False
Is 3369773171 composite?
True
Is 2130350491 a prime number?
True
Is 5787100511 composite?
True
Is 6120412319 a composite number?
True
Is 78731546731 a composite number?
True
Is 18155284619 a composite number?
True
Is 133764611447 composite?
False
Is 100045550159 a prime number?
True
Is 98451392927 composite?
True
Is 3932514643 a prime number?
True
Is 135197402 a composite number?
True
Is 77440043 composite?
False
Is 1096533469 composite?
True
Is 606277120667 a prime number?
True
Is 5810309503 composite?
False
Is 772235363 a composite number?
True
Is 1327499899 a composite number?
True
Is 1249901267 a prime number?
False
Is 18977939 composite?
False
Is 100438379 a prime number?
False
Is 33458167471 composite?
False
Is 129894707 a prime number?
False
Is 27869906137 a prime number?
True
Is 4734061979 a prime number?
False
Is 1565748581 a prime number?
False
Is 11386359955 a composite number?
True
Is 111829473985 composite?
True
Is 4986496303 prime?
True
Is 31196731213 a prime number?
True
Is 1009339637 composite?
False
Is 17888912009 a composite number?
True
Is 31294395101 composite?
True
Is 108581405279 composite?
True
Is 14084317763 a prime number?
True
Is 23097859 prime?
False
Is 4029343069 composite?
True
Is 12899771117 a composite number?
False
Is 398669731 prime?
True
Is 388036108739 prime?
False
Is 974432611 composite?
False
Is 16994734373 a prime number?
True
Is 24778270801 a composite number?
False
Is 84050249 a composite number?
False
Is 1233130517 a composite number?
True
Is 6244211459 a composite number?
False
Is 105666120697 composite?
False
Is 5898461873 composite?
True
Is 941145923 prime?
True
Is 63459916061 a prime number?
False
Is 2867332841 a prime number?
True
Is 69219423409 composite?
False
Is 792672934 a composite number?
True
Is 114516759517 a composite number?
False
Is 318856314013 a composite number?
True
Is 3615019 composite?
True
Is 2924427743 composite?
False
Is 10042057567 a prime number?
False
Is 85819739921 composite?
False
Is 1225391711 a composite number?
False
Is 24385733093 a prime number?
True
Is 168504257 a composite number?
False
Is 6204488177 a prime number?
True
Is 45489599 prime?
True
Is 100226872367 a prime number?
False
Is 761072297 prime?
True
Is 3626033314 prime?
False
Is 4655670361 prime?
False
Is 29393846903 prime?
False
Is 51824473069 a prime number?
False
Is 12486290671 a prime number?
False
Is 3367841431 composite?
False
Is 293654419 composite?
True
Is 3259623551 composite?
False
Is 5095260029 a composite number?
True
Is 5286833393 prime?
False
Is 181841267027 a prime number?
False
Is 4315844599 a composite number?
True
Is 7481168489 composite?
True
Is 1648586551 a prime number?
True
Is 3490665779 prime?
True
Is 1384480379 a prime number?
False
Is 5885212009 composite?
True
Is 57667700353 a prime number?
False
Is 24158711093 composite?
True
Is 411065693 prime?
False
Is 2260217101 a prime number?
True
Is 46188663541 a composite number?
False
Is 84472457633 prime?
True
Is 3520009333 a composite number?
True
Is 268486041 prime?
False
Is 411504037 prime?
False
Is 907637413 a composite number?
False
Is 13442232517 composite?
True
Is 40176446293 a prime number?
True
Is 445716347 prime?
False
Is 14826529973 a prime number?
True
Is 2891642573 prime?
True
Is 48342383 a prime number?
True
Is 2628703835 composite?
True
Is 26968719443 prime?
True
Is 35046069757 prime?
True
Is 5107815523 composite?
False
Is 47012496581 prime?
False
Is 458789329 composite?
True
Is 2020917289 composite?
False
Is 34797757 prime?
False
Is 507843797 prime?
True
Is 22593191429 a prime number?
False
Is 46079076731 a prime number?
False
Is 63750807401 prime?
False
Is 2657394517 prime?
True
Is 6802644131 composite?
False
Is 522993817 prime?
True
Is 8247636763 composite?
True
Is 5924729963 prime?
False
Is 1809156449 composite?
True
Is 1962167671 a composite number?
True
Is 